
What are the prime factors of 6746665?
5, 113, 11941
List the prime factors of 16268.
2, 7, 83
What are the prime factors of 3548498?
2, 29, 193, 317
List the prime factors of 678220.
2, 5, 33911
What are the prime factors of 53753?
7, 1097
What are the prime factors of 10148943?
3, 7, 227, 2129
List the prime factors of 409511.
47, 8713
What are the prime factors of 195589?
317, 617
List the prime factors of 230037.
3, 76679
What are the prime factors of 5773795?
5, 17, 67927
What are the prime factors of 479951?
479951
What are the prime factors of 7020561?
3, 2340187
List the prime factors of 2368071.
3, 263119
List the prime factors of 3454.
2, 11, 157
What are the prime factors of 4566388?
2, 1141597
List the prime factors of 18309.
3, 17, 359
List the prime factors of 404344.
2, 50543
List the prime factors of 5094417.
3, 1698139
What are the prime factors of 2627788?
2, 547, 1201
List the prime factors of 18417250.
2, 5, 23, 3203
What are the prime factors of 6161657?
607, 10151
What are the prime factors of 1269826?
2, 179, 3547
List the prime factors of 2167714.
2, 229, 4733
What are the prime factors of 3388524?
2, 3, 282377
What are the prime factors of 10515457?
10515457
List the prime factors of 33572458.
2, 163, 102983
What are the prime factors of 5871992?
2, 7, 23, 47, 97
List the prime factors of 12506933.
12506933
What are the prime factors of 210671?
210671
What are the prime factors of 2734774?
2, 7, 195341
List the prime factors of 7237357.
101, 131, 547
List the prime factors of 33390591.
3, 13, 856169
What are the prime factors of 2351286?
2, 3, 7, 18661
List the prime factors of 16337140.
2, 5, 816857
List the prime factors of 720923.
7, 181, 569
What are the prime factors of 1889588?
2, 19, 23, 47
What are the prime factors of 3070427?
3070427
What are the prime factors of 228982?
2, 13, 8807
List the prime factors of 9114828.
2, 3, 759569
What are the prime factors of 263826?
2, 3, 14657
List the prime factors of 5786133.
3, 23, 83857
List the prime factors of 3128045.
5, 625609
List the prime factors of 1999929.
3, 666643
List the prime factors of 84687.
3, 28229
What are the prime factors of 376445?
5, 75289
List the prime factors of 1649106.
2, 3, 30539
List the prime factors of 2111770.
2, 5, 211177
What are the prime factors of 343558?
2, 19, 9041
What are the prime factors of 81345?
3, 5, 11, 17, 29
What are the prime factors of 24869233?
19, 23, 56909
List the prime factors of 187006.
2, 93503
What are the prime factors of 348520?
2, 5, 8713
List the prime factors of 498487.
11, 45317
What are the prime factors of 17896106?
2, 8948053
List the prime factors of 473009.
473009
What are the prime factors of 675433?
11, 61403
What are the prime factors of 1860281?
1860281
What are the prime factors of 235041?
3, 78347
List the prime factors of 123189.
3, 11, 3733
What are the prime factors of 158734?
2, 79367
List the prime factors of 345717.
3, 107, 359
What are the prime factors of 521121?
3, 173707
What are the prime factors of 22687952?
2, 7, 167, 1213
List the prime factors of 2713730.
2, 5, 43, 6311
List the prime factors of 27657730.
2, 5, 19, 23, 6329
What are the prime factors of 1920182?
2, 11, 87281
List the prime factors of 11964692.
2, 23, 130051
What are the prime factors of 1093786?
2, 546893
What are the prime factors of 9103633?
7, 11, 191, 619
List the prime factors of 37613908.
2, 547, 17191
What are the prime factors of 6691964?
2, 661, 2531
List the prime factors of 1782327.
3, 37, 16057
List the prime factors of 12294999.
3, 71, 271
What are the prime factors of 907572?
2, 3, 53, 1427
List the prime factors of 225661.
113, 1997
What are the prime factors of 883264?
2, 37, 373
List the prime factors of 165690.
2, 3, 5, 7, 263
What are the prime factors of 1241403?
3, 19, 29, 751
What are the prime factors of 4194018?
2, 3, 25889
List the prime factors of 2120680.
2, 5, 53017
List the prime factors of 9724001.
7, 191, 1039
What are the prime factors of 55620?
2, 3, 5, 103
What are the prime factors of 1776666?
2, 3, 37, 53, 151
What are the prime factors of 289897?
289897
List the prime factors of 54489.
3, 41, 443
List the prime factors of 663537.
3, 7, 19, 1663
What are the prime factors of 575945?
5, 127, 907
What are the prime factors of 293406?
2, 3, 79, 619
List the prime factors of 325158.
2, 3, 54193
List the prime factors of 17963822.
2, 41, 219071
What are the prime factors of 6423847?
131, 49037
List the prime factors of 18417760.
2, 5, 43, 2677
What are the prime factors of 494770?
2, 5, 49477
List the prime factors of 9592649.
11, 29, 30071
What are the prime factors of 10453672?
2, 619, 2111
List the prime factors of 1354931.
1354931
List the prime factors of 696423.
3, 7, 13, 2551
What are the prime factors of 20390967?
3, 773, 977
What are the prime factors of 14265?
3, 5, 317
What are the prime factors of 143227?
7, 37, 79
List the prime factors of 165386.
2, 13, 6361
What are the prime factors of 23475?
3, 5, 313
What are the prime factors of 398837?
17, 29, 809
List the prime factors of 3960.
2, 3, 5, 11
What are the prime factors of 2744415?
3, 5, 29, 701
What are the prime factors of 401651?
401651
What are the prime factors of 6338372?
2, 43, 857
List the prime factors of 9807866.
2, 47, 103, 1013
What are the prime factors of 12027953?
7, 29, 193, 307
List the prime factors of 8208291.
3, 7, 13, 107, 281
List the prime factors of 5454208.
2, 42611
What are the prime factors of 162664?
2, 20333
What are the prime factors of 150706?
2, 75353
What are the prime factors of 3549213?
3, 394357
What are the prime factors of 1810265?
5, 362053
List the prime factors of 620215.
5, 163, 761
What are the prime factors of 382916?
2, 29, 3301
List the prime factors of 1886365.
5, 13, 29021
What are the prime factors of 1184776?
2, 23, 47, 137
What are the prime factors of 321019?
59, 5441
List the prime factors of 985311.
3, 36493
List the prime factors of 894085.
5, 178817
List the prime factors of 519693.
3, 211, 821
List the prime factors of 339896.
2, 42487
List the prime factors of 5976345.
3, 5, 398423
List the prime factors of 1243374.
2, 3, 11, 18839
List the prime factors of 98886.
2, 3, 16481
What are the prime factors of 386198?
2, 31, 6229
What are the prime factors of 9988927?
13, 19, 37, 1093
List the prime factors of 70038.
2, 3, 1297
What are the prime factors of 93614?
2, 46807
List the prime factors of 882440.
2, 5, 13, 1697
List the prime factors of 135793.
7, 19, 1021
What are the prime factors of 522685?
5, 104537
List the prime factors of 627305.
5, 7, 17923
List the prime factors of 75204.
2, 3, 2089
List the prime factors of 12946.
2, 6473
List the prime factors of 738254.
2, 11, 23, 1459
List the prime factors of 7110811.
17, 31, 103, 131
What are the prime factors of 134184?
2, 3, 5591
List the prime factors of 422333.
163, 2591
List the prime factors of 3694824.
2, 3, 7, 7331
What are the prime factors of 199135?
5, 39827
List the prime factors of 6237349.
29, 37, 5813
List the prime factors of 852500.
2, 5, 11, 31
List the prime factors of 8708699.
479, 18181
List the prime factors of 169655.
5, 33931
List the prime factors of 191731.
109, 1759
What are the prime factors of 495578?
2, 37, 181
What are the prime factors of 355465?
5, 11, 23, 281
What are the prime factors of 999408?
2, 3, 47, 443
List the prime factors of 6171331.
6171331
What are the prime factors of 12080329?
2477, 4877
What are the prime factors of 688027?
688027
List the prime factors of 14120359.
11, 41, 131, 239
List the prime factors of 1268614.
2, 634307
List the prime factors of 13376.
2, 11, 19
What are the prime factors of 10388206?
2, 29, 179107
List the prime factors of 166760.
2, 5, 11, 379
What are the prime factors of 1437012?
2, 3, 179, 223
What are the prime factors of 7516109?
709, 10601
What are the prime factors of 2814352?
2, 175897
List the prime factors of 23411708.
2, 5852927
What are the prime factors of 18939465?
3, 5, 23, 29, 631
List the prime factors of 6466011.
3, 31, 251, 277
What are the prime factors of 25328039?
11, 1013, 2273
List the prime factors of 139660.
2, 5, 6983
List the prime factors of 1716486.
2, 3, 523, 547
What are the prime factors of 39